{"id":1192,"date":"2026-04-06T19:33:39","date_gmt":"2026-04-06T18:33:39","guid":{"rendered":"https:\/\/theguiltybrigade.com\/?page_id=1192"},"modified":"2026-04-07T19:18:37","modified_gmt":"2026-04-07T18:18:37","slug":"aviso-legal","status":"publish","type":"page","link":"https:\/\/theguiltybrigade.com\/eus\/aviso-legal\/","title":{"rendered":"Aviso legal"},"content":{"rendered":"<div data-elementor-type=\"wp-page\" data-elementor-id=\"1192\" class=\"elementor elementor-1192\" data-elementor-post-type=\"page\">\n\t\t\t\t<div class=\"elementor-element elementor-element-4c01a0e e-flex e-con-boxed e-con e-parent\" data-id=\"4c01a0e\" data-element_type=\"container\" data-e-type=\"container\">\n\t\t\t\t\t<div class=\"e-con-inner\">\n\t\t\t\t<div class=\"elementor-element elementor-element-3ca4bf2 elementor-widget elementor-widget-text-editor\" data-id=\"3ca4bf2\" data-element_type=\"widget\" data-e-type=\"widget\" data-widget_type=\"text-editor.default\">\n\t\t\t\t\t\t\t\t\t<h1><strong>AVISO LEGAL<\/strong><\/h1><p>En cumplimiento con el deber de informaci\u00f3n recogido en la normativa vigente, se informa que:<\/p><p><strong>Titular del sitio web:<\/strong><br \/>The Guilty Brigade<\/p><p><strong>NIF\/CIF:<\/strong><br \/>G714343310<\/p><p><strong>Correo electr\u00f3nico de contacto: <\/strong><strong><a href=\"mailto:contacto@theguiltybrigade.com\">contacto@theguiltybrigade.com<\/a><\/strong><\/p><p><strong>Nombre del dominio: <\/strong><strong><a href=\"https:\/\/theguiltybrigade.com\/eus\/\">theguiltybrigade.com<\/a><\/strong><\/p><hr \/><h2>CONDICIONES DE USO<\/h2><p>El acceso y uso de este sitio web atribuye la condici\u00f3n de usuario, aceptando desde dicho acceso las presentes condiciones de uso.<\/p><p>El usuario se compromete a hacer un uso adecuado de los contenidos del sitio web y a no emplearlos para:<\/p><ul><li><p>Incurrir en actividades il\u00edcitas<\/p><\/li><li><p>Difundir contenidos ilegales o contrarios a la buena fe<\/p><\/li><li><p>Provocar da\u00f1os en los sistemas del titular o de terceros<\/p><\/li><\/ul><hr \/><h2>PROPIEDAD INTELECTUAL<\/h2><p>Todos los contenidos del sitio web (textos, im\u00e1genes, m\u00fasica, v\u00eddeos, dise\u00f1o, etc.) son propiedad del titular o de sus respectivos autores y est\u00e1n protegidos por la normativa de propiedad intelectual.<\/p><p>Queda prohibida su reproducci\u00f3n, distribuci\u00f3n o modificaci\u00f3n sin autorizaci\u00f3n expresa.<\/p><hr \/><h2>RESPONSABILIDAD<\/h2><p>El titular no se responsabiliza del mal uso de los contenidos del sitio web ni de los da\u00f1os que puedan derivarse del uso de la informaci\u00f3n contenida en \u00e9l.<\/p><p>Asimismo, este sitio puede contener enlaces a p\u00e1ginas externas, no siendo responsable de sus contenidos.<\/p><hr \/><h2>MODIFICACIONES<\/h2><p>El titular se reserva el derecho a modificar en cualquier momento el contenido del sitio web y las presentes condiciones.<\/p>\t\t\t\t\t\t\t\t<\/div>\n\t\t\t\t\t<\/div>\n\t\t\t\t<\/div>\n\t\t\t\t<\/div>","protected":false},"excerpt":{"rendered":"<p>AVISO LEGAL En cumplimiento con el deber de informaci\u00f3n recogido en la normativa vigente, se informa que: Titular del sitio web:The Guilty Brigade NIF\/CIF:G714343310 Correo electr\u00f3nico de contacto: contacto@theguiltybrigade.com Nombre del dominio: theguiltybrigade.com CONDICIONES DE USO El acceso y uso de este sitio web atribuye la condici\u00f3n de usuario, aceptando desde dicho acceso las presentes [&hellip;]<\/p>\n","protected":false},"author":1,"featured_media":0,"parent":0,"menu_order":0,"comment_status":"closed","ping_status":"closed","template":"","meta":{"footnotes":""},"class_list":["post-1192","page","type-page","status-publish","hentry"],"_links":{"self":[{"href":"https:\/\/theguiltybrigade.com\/eus\/wp-json\/wp\/v2\/pages\/1192","targetHints":{"allow":["GET"]}}],"collection":[{"href":"https:\/\/theguiltybrigade.com\/eus\/wp-json\/wp\/v2\/pages"}],"about":[{"href":"https:\/\/theguiltybrigade.com\/eus\/wp-json\/wp\/v2\/types\/page"}],"author":[{"embeddable":true,"href":"https:\/\/theguiltybrigade.com\/eus\/wp-json\/wp\/v2\/users\/1"}],"replies":[{"embeddable":true,"href":"https:\/\/theguiltybrigade.com\/eus\/wp-json\/wp\/v2\/comments?post=1192"}],"version-history":[{"count":70,"href":"https:\/\/theguiltybrigade.com\/eus\/wp-json\/wp\/v2\/pages\/1192\/revisions"}],"predecessor-version":[{"id":1368,"href":"https:\/\/theguiltybrigade.com\/eus\/wp-json\/wp\/v2\/pages\/1192\/revisions\/1368"}],"wp:attachment":[{"href":"https:\/\/theguiltybrigade.com\/eus\/wp-json\/wp\/v2\/media?parent=1192"}],"curies":[{"name":"wp","href":"https:\/\/api.w.org\/{rel}","templated":true}]}}